0
In base 11, what is -5 + -220?
-225
In base 6, what is 302211 - -2?
302213
In base 8, what is 173 + -4?
167
In base 12, what is 3a + 3?
41
In base 16, what is 2 + 2c?
2e
In base 4, what is 312 + 2?
320
In base 11, what is 63 - 2?
61
In base 7, what is -4 - 60?
-64
In base 7, what is -4141 - 4?
-4145
In base 6, what is 15 + -4131?
-4112
In base 11, what is -83 - 1?
-84
In base 9, what is 5 - 225?
-220
In base 10, what is 33 - -3?
36
In base 16, what is -4 - -1d?
19
In base 11, what is -1282 + -4?
-1286
In base 7, what is 0 - 123?
-123
In base 4, what is 230 - -131?
1021
In base 9, what is 118 - -4?
123
In base 12, what is 5 + 92?
97
In base 10, what is 9 + 354?
363
In base 3, what is -122000020 + 11?
-122000002
In base 9, what is -2385 - -11?
-2374
In base 13, what is 5 - -958?
960
In base 4, what is 1113000 - 2?
1112332
In base 11, what is -4 - 759?
-762
In base 12, what is 487 - -2?
489
In base 6, what is -34 - -2?
-32
In base 6, what is -13 - -40?
23
In base 7, what is -123 - 5?
-131
In base 5, what is 3040 - 0?
3040
In base 5, what is 2 - 143?
-141
In base 2, what is 1010101111111 + -10?
1010101111101
In base 6, what is 105044 - -5?
105053
In base 4, what is 3 + -133?
-130
In base 15, what is 362 - 0?
362
In base 8, what is -46413 + -2?
-46415
In base 10, what is -187 + -5?
-192
In base 14, what is -68d + -7?
-696
In base 11, what is -1145a + 5?
-11455
In base 2, what is 0 - 1011000?
-1011000
In base 7, what is 3 + -554?
-551
In base 14, what is c0 - 4?
ba
In base 8, what is -23 + -105?
-130
In base 15, what is -3 - 25?
-28
In base 3, what is 102000 + 111?
102111
In base 8, what is 4 + -472?
-466
In base 3, what is 210 + -112?
21
In base 16, what is 11 - 1bb?
-1aa
In base 8, what is 1 + 527?
530
In base 9, what is 16 - 3?
13
In base 13, what is 5 + -2b?
-26
In base 13, what is -3 + -49?
-4c
In base 2, what is -10011001011 - 100?
-10011001111
In base 3, what is 12112 - 1?
12111
In base 5, what is 41 + -1134?
-1043
In base 9, what is 458 + -4?
454
In base 11, what is 0 + 2251?
2251
In base 16, what is a9 + -2?
a7
In base 15, what is -5 - 219?
-21e
In base 11, what is 4 + 88?
91
In base 9, what is -4773 - 4?
-4777
In base 10, what is -4 - 50?
-54
In base 9, what is 246 - -4?
251
In base 10, what is 2 - -1174?
1176
In base 15, what is -5 + 2d5?
2d0
In base 8, what is 25 - -7?
34
In base 14, what is -2 + a1?
9d
In base 12, what is 99 + 0?
99
In base 8, what is -24 + 23?
-1
In base 15, what is 3b - -4?
40
In base 11, what is -3 + -72?
-75
In base 11, what is -48 + 0?
-48
In base 11, what is 23 + 80?
a3
In base 15, what is -1000 - 3?
-1003
In base 7, what is -2312 - -5?
-2304
In base 10, what is -6 + 24?
18
In base 6, what is 212301 - -4?
212305
In base 16, what is 127 + -1e?
109
In base 11, what is 5 + -644?
-63a
In base 11, what is -16 - 0?
-16
In base 12, what is 3 + 149?
150
In base 10, what is -1 + -274?
-275
In base 15, what is 8a3 + 13?
8b6
In base 11, what is 96 - 4?
92
In base 12, what is 270a - 5?
2705
In base 5, what is 10 + 12301?
12311
In base 9, what is 113 + 26?
140
In base 13, what is 1 - 24?
-23
In base 6, what is 0 - 20300?
-20300
In base 13, what is 0 + 391?
391
In base 15, what is -a - 0?
-a
In base 16, what is 46 + 5?
4b
In base 6, what is -324 - 133?
-501
In base 4, what is -21 + 13220?
13133
In base 11, what is 4 - -69?
72
In base 13, what is 1a18 - 4?
1a14
In base 6, what is -1404 - 4?
-1412
In base 12, what is 2 + -112?
-110
In base 2, what is 11010 + 10?
11100
In base 4, what is -310130 - -2?
-310122
In base 16, what is 1 - -1a?
1b
In base 7, what is -1 - 11?
-12
In base 7, what is 203 - 14?
156
In base 4, what is -3 - -111031?
111022
In base 14, what is 7 + -23?
-1a
In base 9, what is 3 - -3720?
3723
In base 14, what is -1 - -43?
42
In base 4, what is 2303011 + 10?
2303021
In base 2, what is 101 + -10000010?
-1111101
In base 15, what is 0 - 253?
-253
In base 3, what is -22002 - 1?
-22010
In base 3, what is 21121211 + 10?
21121221
In base 15, what is 27e - 18?
266
In base 15, what is -9b7 + -1?
-9b8
In base 14, what is 2 - a6?
-a4
In base 9, what is 221 - 5?
215
In base 4, what is -100131301 - -1?
-100131300
In base 5, what is -3143 + 10?
-3133
In base 10, what is -115 + -5?
-120
In base 12, what is 72 + -5?
69
In base 16, what is -e13 - 5?
-e18
In base 13, what is -c + 8?
-4
In base 2, what is -110010 + -101?
-110111
In base 11, what is 14 + 24?
38
In base 4, what is 0 + 331301?
331301
In base 6, what is 22 - -2?
24
In base 12, what is a + 0?
a
In base 11, what is -1 + -56?
-57
In base 10, what is 4961 + -1?
4960
In base 16, what is -7a + 0?
-7a
In base 13, what is 7 + 261?
268
In base 8, what is 55 - 53?
2
In base 3, what is 1001122 - -20?
1001212
In base 13, what is 2 - -b6?
b8
In base 13, what is 90 - -4?
94
In base 13, what is -12a7 - -1?
-12a6
In base 7, what is -21 - 20?
-41
In base 10, what is -2 - 4?
-6
In base 7, what is 3 - 242?
-236
In base 8, what is 23 + -65?
-42
In base 9, what is -208 + 4?
-204
In base 8, what is 12133 - 5?
12126
In base 14, what is 2 + 1bc7?
1bc9
In base 13, what is -4 - -20?
19
In base 12, what is -1 + -930?
-931
In base 4, what is 12 + 1102?
1120
In base 5, what is 213 + 1?
214
In base 15, what is -40ac + -1?
-40ad
In base 12, what is -204 + -8?
-210
In base 7, what is -5 - -46?
41
In base 13, what is -12 - 25?
-37
In base 12, what is -420 + -1?
-421
In base 15, what is 29 + -19?
10
In base 14, what is -9 + -a6?
-b1
In base 8, what is 1 - 36?
-35
In base 11, what is -28 - -6?
-22
In base 3, what is 200210 - 2?
200201
In base 12, what is 1 + 1434?
1435
In base 8, what is -15 - 45?
-62
In base 11, what is 3076 + -3?
3073
In base 11, what is -23341 - 2?
-23343
In base 2, what is -101100 - 1101?
-111001
In base 3, what is -10101 + 111?
-2220
In base 11, what is 119 + -17?
102
In base 8, what is -264 - -6?
-256
In base 11, what is -12 - -43?
31
In base 16, what is -3a04 + 4?
-3a00
In base 13, what is 0 - -530?
530
In base 9, what is 6 - 66?
-60
In base 2, what is -1110 + 10001?
11
In base 8, what is -5 + -327?
-334
In base 10, what is 8 + 4?
12
In base 12, what is -2 + 104?
102
In base 7, what is 342 + 25?
400
In base 6, what is -124 - 44?
-212
In base 6, what is -5553 + 1?
-5552
In base 2, what is 10011 - -11011?
101110
In base 11, what is -35a + -5?
-364
In base 15, what is 3356 + 0?
3356
In base 8, what is -1375 + 0?
-1375
In base 5, what is 20 + 4?
24
In base 4, what is -11 - -1002130?
1002113
In base 3, what is -1 - -11001?
11000
In base 3, what is -1010 + 10122?
2112
In base 15, what is -1e03 - -4?
-1dee
In base 10, what is -841 - -2?
-839
In base 16, what is -fa8 + 3?
-fa5
In base 12, what is -7 + 24?
19
In base 5, what is 3 + 10020?
10023
In base 2, what is 11 - -1001111?
1010010
In base 4, what is -1130 + -11?
-1201
In base 15, what is 1a27 + -5?
1a22
In base 14, what is -2 + 421?
41d
In base 3, what is 102 + 22200?
100002
In base 7, what is 4521 - 0?
4521
In base 3, what is -220201 - 10?
-220211
In base 8, what is 2144 + 7?
2153
In base 9, what is 32 + -12?
20
In base 12, what is -576 + 4?
-572
In base 9, what is 0 + 12?
12
In base 12, what is 5 + 9?
12
In base 4, what is 30213 + 12?
30231
In base 2, what is -1100011000 - 1101?
-1100100101
In base 12, what is -4 + 24a?
246
In base 12, what is 0 - -28?
28
In base 12, what is 43 + 4?
47
In base 7, what is 3363 - 0?
3363
In base 10, what is 37 - 620?
-583
In base 8, what is -223 + 1?
-222
In base 8, what is 7225 - 0?
7225
In base 3, what is -1 - 11211?
-11212
In base 14, what is -4 + 10?
a
In base 13, what is ba - -4?
c1
In base 5, what is -1 + -142?
-143
In base 12, what is 1 - -1373?
1374
In base 14, what is -1c6 + -d?
-1d5
In base 15, what is -451e + 2?
-451c
In base 2, what is -1100101100 + 10?
-1100101010
In base 12, what is 234 - -3?
237
In base 10, what is -508 - 2?
-510
In base 11, what is -a3 + 4?
-9a
In base 11, what is 2 - -464?
466
In base 14, what is -122 - -9?
-117
In base 16, what is 35 - 1?
34
In base 3, what is 12 + -20012?
-20000
In base 7, what is -5 - -410?
402
In base 9, what is -16740 + -5?
-16745
In base 3, what is 11001211 - -1?
11001212
In base 7, what is -116 - -120?
1
In base 11, what is -2 - -15?
13
In base 8, what is -113 - 5?
-120
In base 8, what is 4 - 11766?
-11762
In base 6, what is -1 - -324?
3